s the remainder when 36 is divided by 10?
6
Calculate the remainder when 608 is divided by 61.
59
What is the remainder when 80 is divided by 10?
0
Calculate the remainder when 59 is divided by 6.
5
Calculate the remainder when 397 is divided by 31.
25
Calculate the remainder when 1357 is divided by 82.
45
Calculate the remainder when 107 is divided by 34.
5
What is the remainder when 1261 is divided by 34?
3
Calculate the remainder when 66 is divided by 34.
32
Calculate the remainder when 925 is divided by 36.
25
What is the remainder when 312 is divided by 118?
76
Calculate the remainder when 112 is divided by 65.
47
Calculate the remainder when 23 is divided by 13.
10
What is the remainder when 125 is divided by 8?
5
What is the remainder when 580 is divided by 176?
52
Calculate the remainder when 11598 is divided by 7.
6
Calculate the remainder when 2194 is divided by 313.
3
Calculate the remainder when 2360 is divided by 16.
8
What is the remainder when 1550 is divided by 380?
30
What is the remainder when 42 is divided by 12?
6
Calculate the remainder when 2534 is divided by 94.
90
Calculate the remainder when 1731 is divided by 192.
3
Calculate the remainder when 86 is divided by 13.
8
What is the remainder when 63 is divided by 7?
0
What is the remainder when 1536 is divided by 54?
24
What is the remainder when 90 is divided by 44?
2
Calculate the remainder when 1675 is divided by 18.
1
Calculate the remainder when 8305 is divided by 1658.
15
Calculate the remainder when 240 is divided by 77.
9
Calculate the remainder when 509 is divided by 464.
45
What is the remainder when 339 is divided by 20?
19
Calculate the remainder when 17667 is divided by 27.
9
Calculate the remainder when 849 is divided by 57.
51
Calculate the remainder when 524 is divided by 107.
96
Calculate the remainder when 4497 is divided by 150.
147
What is the remainder when 106 is divided by 3?
1
Calculate the remainder when 855 is divided by 22.
19
Calculate the remainder when 398 is divided by 389.
9
Calculate the remainder when 5082 is divided by 101.
32
What is the remainder when 178 is divided by 88?
2
Calculate the remainder when 8305 is divided by 13.
11
What is the remainder when 50 is divided by 17?
16
What is the remainder when 528 is divided by 121?
44
What is the remainder when 406 is divided by 214?
192
What is the remainder when 46 is divided by 3?
1
Calculate the remainder when 802 is divided by 206.
184
Calculate the remainder when 196 is divided by 91.
14
Calculate the remainder when 884 is divided by 342.
200
What is the remainder when 96 is divided by 33?
30
Calculate the remainder when 1219 is divided by 21.
1
Calculate the remainder when 423 is divided by 99.
27
Calculate the remainder when 127 is divided by 25.
2
Calculate the remainder when 91 is divided by 35.
21
Calculate the remainder when 5624 is divided by 15.
14
What is the remainder when 231 is divided by 127?
104
Calculate the remainder when 458 is divided by 59.
45
Calculate the remainder when 658 is divided by 169.
151
Calculate the remainder when 1754 is divided by 65.
64
Calculate the remainder when 163 is divided by 90.
73
What is the remainder when 138 is divided by 71?
67
What is the remainder when 365 is divided by 135?
95
What is the remainder when 3862 is divided by 168?
166
What is the remainder when 119 is divided by 14?
7
Calculate the remainder when 5724 is divided by 88.
4
Calculate the remainder when 141 is divided by 21.
15
Calculate the remainder when 2274 is divided by 134.
130
What is the remainder when 290 is divided by 49?
45
Calculate the remainder when 240 is divided by 125.
115
What is the remainder when 3140 is divided by 6?
2
Calculate the remainder when 8460 is divided by 17.
11
Calculate the remainder when 18 is divided by 4.
2
What is the remainder when 495 is divided by 177?
141
Calculate the remainder when 2808 is divided by 37.
33
What is the remainder when 1052 is divided by 212?
204
What is the remainder when 2127 is divided by 112?
111
What is the remainder when 1793 is divided by 487?
332
What is the remainder when 546 is divided by 179?
9
What is the remainder when 299 is divided by 19?
14
What is the remainder when 70 is divided by 16?
6
Calculate the remainder when 90 is divided by 20.
10
Calculate the remainder when 5606 is divided by 51.
47
What is the remainder when 2219 is divided by 101?
98
What is the remainder when 163 is divided by 40?
3
Calculate the remainder when 1383 is divided by 156.
135
Calculate the remainder when 114 is divided by 13.
10
What is the remainder when 26 is divided by 12?
2
What is the remainder when 1235 is divided by 168?
59
What is the remainder when 10190 is divided by 129?
128
Calculate the remainder when 18609 is divided by 17.
11
What is the remainder when 179 is divided by 15?
14
Calculate the remainder when 397 is divided by 240.
157
What is the remainder when 4541 is divided by 142?
139
Calculate the remainder when 648 is divided by 20.
8
What is the remainder when 12 is divided by 4?
0
Calculate the remainder when 1198 is divided by 27.
10
Calculate the remainder when 303 is divided by 22.
17
Calculate the remainder when 756 is divided by 66.
30
What is the remainder when 110 is divided by 26?
6
What is the remainder when 500 is divided by 84?
80
What is the remainder when 11493 is divided by 13?
1
What is the remainder when 115 is divided by 67?
48
Calculate the remainder when 97 is divided by 71.
26
What is the remainder when 109 is divided by 11?
10
Calculate the remainder when 375 is divided by 54.
51
What is the remainder when 44 is divided by 38?
6
What is the remainder when 79 is divided by 23?
10
What is the remainder when 149 is divided by 77?
72
What is the remainder when 33 is divided by 18?
15
What is the remainder when 159 is divided by 11?
5
Calculate the remainder when 1022 is divided by 27.
23
What is the remainder when 146 is divided by 19?
13
What is the remainder when 48 is divided by 5?
3
Calculate the remainder when 181 is divided by 75.
31
Calculate the remainder when 941 is divided by 73.
65
Calculate the remainder when 5123 is divided by 14.
13
Calculate the remainder when 87 is divided by 13.
9
What is the remainder when 416 is divided by 36?
20
Calculate the remainder when 339 is divided by 40.
19
What is the remainder when 1775 is divided by 219?
23
Calculate the remainder when 97 is divided by 30.
7
Calculate the remainder when 458 is divided by 10.
8
Calculate the remainder when 641 is divided by 95.
71
Calculate the remainder when 233 is divided by 12.
5
What is the remainder when 236 is divided by 75?
11
Calculate the remainder when 386 is divided by 3.
2
What is the remainder when 573 is divided by 34?
29
What is the remainder when 505 is divided by 127?
124
Calculate the remainder when 76 is divided by 53.
23
What is the remainder when 193 is divided by 18?
13
What is the remainder when 2065 is divided by 46?
41
What is the remainder when 454 is divided by 76?
74
What is the remainder when 34 is divided by 29?
5
What is the remainder when 367 is divided by 108?
43
What is the remainder when 74 is divided by 16?
10
Calculate the remainder when 923 is divided by 24.
11
What is the remainder when 1375 is divided by 27?
25
What is the remainder when 298 is divided by 20?
18
Calculate the remainder when 804 is divided by 260.
24
Calculate the remainder when 126 is divided by 19.
12
Calculate the remainder when 75 is divided by 40.
35
Calculate the remainder when 201 is divided by 29.
27
What is the remainder when 1633 is divided by 4?
1
Calculate the remainder when 507 is divided by 497.
10
Calculate the remainder when 1121 is divided by 3.
2
What is the remainder when 200 is divided by 42?
32
What is the remainder when 30 is divided by 28?
2
Calculate the remainder when 616 is divided by 289.
38
What is the remainder when 1069 is divided by 7?
5
Calculate the remainder when 546 is divided by 140.
126
Calculate the remainder when 11707 is divided by 9.
7
Calculate the remainder when 9720 is divided by 26.
22
What is the remainder when 7730 is divided by 9?
8
What is the remainder when 1634 is divided by 484?
182
What is the remainder when 539 is divided by 14?
7
Calculate th